 t = z + x. List the prime factors of t.
11
Let q = 99 + -63. Let f = q - 1. What are the prime factors of f?
5, 7
Suppose 13 = -3*w + 5*x + 4, 3*x - 9 = 0. List the prime factors of (49/w)/(-7)*-2.
7
Let s be (-2 - (-1 + 1))/1. Let t = 2 + s. Suppose -10 = -t*z - 5*z. What are the prime factors of z?
2
Let m be 634/4 + 1/2. Suppose -5*z + m = 24. List the prime factors of z.
3
Let j = -249 + 363. What are the prime factors of j?
2, 3, 19
Suppose 0 = -2*o - 3*o. Let r be 4 + -1*(o + 1). Let y(p) = 4*p - 4. What are the prime factors of y(r)?
2
Suppose -3*c + 160 = c. Suppose 3*l = 5*l + c. Let v = l + 29. What are the prime factors of v?
3
List the prime factors of 3/9 - (-224)/12.
19
Let a = -16 + 22. Suppose -10 - a = -4*k. Suppose -k*t + 44 = -0*t. What are the prime factors of t?
11
Suppose -7 = 2*w - 47. Suppose -2*p + w = 3*p. List the prime factors of p.
2
Suppose -l - 2 = -5. Suppose t + 10 = -l*g + 63, 13 = g - 2*t. What are the prime factors of g/2 - (-4)/(-8)?
2
Suppose 2*c - 306 - 118 = -2*v, 0 = 5*v - 2*c - 1088. What are the prime factors of v?
2, 3
Let f(c) be the third derivative of -c**4/24 + 2*c**3/3 + c**2. Suppose 3*o + 2*o = -25. What are the prime factors of f(o)?
3
Let k(w) = 2*w + 2. Let q be k(-6). Let g = 15 + q. What are the prime factors of g?
5
Let f be 1 + 2 - 1*-1. Let r be (-2 - 2)*(-2)/f. Suppose 4*p = -p + 25, p - 19 = -r*u. List the prime factors of u.
7
Let u(r) = -8*r - 12. List the prime factors of u(-11).
2, 19
Let c(n) = 5*n - 14. What are the prime factors of c(10)?
2, 3
Suppose -5*z = -125 - 135. Suppose y = 3*y - z. What are the prime factors of y?
2, 13
Let b(o) be the first derivative of -o**4/4 - 13*o**3/3 - 13*o**2/2 - 9*o - 1. Suppose 0 = -6*t - 3 - 69. List the prime factors of b(t).
3
Let u = -8 + -33. Let w = -19 - u. What are the prime factors of w?
2, 11
Suppose -13 = m - 2*m + 5*y, -y = 4*m - 52. Suppose 2*u = 39 - m. List the prime factors of u.
13
Suppose 0*k - 2*k - 3*d + 53 = 0, -4*k - 5*d + 111 = 0. What are the prime factors of k?
2, 17
Suppose -4*t = -0*t - 372. List the prime factors of t.
3, 31
Suppose 138 = 4*m - m. Suppose 2*u - m = -5*s, -u - 3*s = -21 - 2. What are the prime factors of u?
23
Suppose -2*m + 4 + 4 = 0. List the prime factors of m.
2
Let p(i) = -i**3 - 11*i**2 - 11*i + 4. What are the prime factors of p(-10)?
2, 7
Suppose 0*u + 6 = -3*u. Let v be -1 - -3 - 2/u. Suppose -s + 11 = 2*p - 0, -v*p - 36 = -s. List the prime factors of s.
3, 7
Suppose -2*x = -0*x + 20. Let m = 32 + x. What are the prime factors of m?
2, 11
Let d = -9 - -2. Let c(a) = -a**2 - 6*a + 9. Let o be c(d). Suppose -o*r = -4 - 2. What are the prime factors of r?
3
Let f = 23 + -8. What are the prime factors of f?
3, 5
Suppose -s + 1 + 12 = 0. Suppose 5*r + s = 2*x + 71, 5*r - 57 = 3*x. List the prime factors of r.
2, 3
Let b(v) be the second derivative of 5*v**4/6 + v**3/6 - 2*v. Suppose 0 = -2*l - 0*u + u - 2, -4 = 4*l - u. List the prime factors of b(l).
3
Suppose -5*b = -2*z - 14, -2*z + 0*z + 2 = 3*b. Let h(r) = -4 - 2*r + 7*r + 7*r**2 - 6*r**b. List the prime factors of h(-6).
2
Let d(f) = 5*f**2 - 4*f - 9. Let b be d(-4). Suppose -3*k - 3*v = -b, 0 = 2*k + 3*v - 19 - 36. What are the prime factors of k?
2
Let q(p) = -p + 7. Let n(t) = t. Let i(l) = -5*n(l) - q(l). List the prime factors of i(-9).
29
Suppose u + 2*q = 6, -u = 2*u - 4*q + 2. Suppose -3*h + 15 = u*o - 6, 4*o = -4*h + 24. List the prime factors of h.
3
Let h(g) = 6*g**3 - 3*g**2 + g + 1. What are the prime factors of h(2)?
3, 13
Let x be -3*(0 + 3 + -2). Let l be (1 - -37) + (-2 - x). Let f = -22 + l. List the prime factors of f.
17
Suppose k + 2*k + 15 = 0. Let s = 17 + -27. Let x = k - s. What are the prime factors of x?
5
Suppose -2*t = a - 2, -4*t - 3 = -t. Let j be (0 - 4/(-14)) + 244/28. What are the prime factors of (1 - (a - 1)) + j?
7
Let k(b) = -2*b + 1. Let x be k(-1). Suppose 0 = -v + x*v - 10. Suppose -v*a = -24 - 26. List the prime factors of a.
2, 5
Let n(l) = 5*l + 3 - 4*l + 5*l - 1. What are the prime factors of n(2)?
2, 7
Suppose d + 0*l - 41 = l, 5*d = -5*l + 165. What are the prime factors of d?
37
What are the prime factors of (-2)/10 + (-2496)/(-30) + 4?
3, 29
Suppose 3*n = 4*s - 5, -3 = -5*s + 2*s + 3*n. Suppose 0 = 5*v + m - 14, 2*v - 8 = -0*v + s*m. Suppose 2*p - v*p = -10. List the prime factors of p.
2, 5
Suppose 2*z = 4*z - 132. What are the prime factors of z?
2, 3, 11
Let c(s) = -s**3 - 27*s**2 - 42*s - 25. What are the prime factors of c(-26)?
17, 23
Let z(o) = -o**2 + 7*o - 3. Let n be z(5). Suppose -n*b = -b - 102. List the prime factors of b.
17
Suppose -2*s = 3*s - 10. Suppose -5*z - 22 + 7 = -5*f, -f = s*z - 3. What are the prime factors of f?
3
Suppose -5*o + 4*y - 1 = -13, 0 = 3*o - 3*y - 6. Suppose o*s = 5*s - 8. Suppose 5*q = q + s. What are the prime factors of q?
2
Let d = -6 - -22. What are the prime factors of 123/4 + 4/d?
31
Suppose -2*d + 72 = -k, 3*k + 60 = 2*d + 5*k. Let a(n) = n - 4. Let c be a(4). Suppose 5*z + o - d = c, 2*z - 2*o = z + 9. What are the prime factors of z?
7
List the prime factors of 11 + -4 + 0 + -5.
2
Let r(o) = -o + 5. Let z be r(11). Let y = z - -13. What are the prime factors of y?
7
Let y = 50 - 32. List the prime factors of y.
2, 3
Suppose 0 = 3*t + 3*r + 21, -2*t + 4*r + 3 = -1. Let i = 7 - t. Let o = 19 - i. List the prime factors of o.
2
Suppose 4*k = 3*h - 104 - 36, 0 = -h - 5*k + 53. Suppose -a = -4*a + h. Suppose 2*w - a = 10. List the prime factors of w.
13
Suppose 0*u + 5*u - k = 47, 4*u - 5*k = 25. Suppose q + q = u. Let w(j) = -j**3 + 6*j**2 - 4*j + 4. List the prime factors of w(q).
3
Suppose 5*v + 50 = a, 4*v - 3*a + 6 + 23 = 0. Suppose 4*k - 7 - 113 = 0. Let t = k + v. What are the prime factors of t?
19
Let b(a) = -a**2 - 24*a + 36. List the prime factors of b(-18).
2, 3
Suppose -5*w + 120 = -3*w + 4*r, -5*w - 2*r + 260 = 0. What are the prime factors of w?
2, 5
Suppose -3*j + 38 = 5. List the prime factors of j.
11
Suppose 2*x = -5*v + 50, -v + 5*x + 9 + 1 = 0. What are the prime factors of v?
2, 5
Suppose -216 - 162 = -2*w. What are the prime factors of w?
3, 7
Let d(a) = -5*a**3. Let k be d(1). Let b = k - -9. What are the prime factors of b?
2
Let w(q) = -4*q - 6. Let i be w(-4). List the prime factors of (28/(-10))/((-2)/i).
2, 7
Let w = 69 + -31. What are the prime factors of w?
2, 19
Suppose -24 = -q - 2*q. Let z = 4 + q. What are the prime factors of z?
2, 3
Let r(m) = -m**3 - 9*m**2 + 10*m + 3. Let w be r(-10). Suppose 3*u - w*d = 28 + 20, 3*d = 4*u - 64. What are the prime factors of u?
2
Let n(b) = -5*b + 2. What are the prime factors of n(-7)?
37
Let o(i) = -i + 5. Let u be o(5). Suppose 2*b + 0*b = u. Suppose b = -9*c + 5*c + 60. What are the prime factors of c?
3, 5
Let p(w) = w**3 - 3*w**2 - 13*w + 17. What are the prime factors of p(5)?
2
Suppose -3*v = -4*v + 2*c - 8, 0 = -2*v + 2*c - 6. Let l = -41 + 74. Suppose -v*d - d = -l. What are the prime factors of d?
11
What are the prime factors of (-2956)/(-44) - 4/22?
67
Let k(b) = -b + 9. Let y be k(9). Suppose y = -t - 2*t + 54. What are the prime factors of t?
2, 3
Let l be 4/(-6)*-9*1. Suppose a - 3 = l. List the prime factors of a.
3
Let z be ((-26)/8)/((-1)/4). Let k = z - 8. List the prime factors of k.
5
Suppose 3*r = 3*b - 2*r + 3, -4*r = -b - 8. Suppose 0 = b*u + u - 30. What are the prime factors of u?
2, 3
Suppose 3*q + 3*d - 575 = 2*d, 5*q = 4*d + 981. List the prime factors of q.
193
Suppose 116 = -8*k + 12*k. Suppose -5*g = 3*t - k, 10 + 5 = t + 3*g. What are the prime factors of t?
3
Suppose 0 = f - 6*f. Let t be f*(-3 - -5)/(-2). Suppose -3*q + 49 - 19 = t. List the prime factors of q.
2, 5
Let n(d) = -1. Let c(y) = -5*y + 9. Let k(f) = -4*c(f) - 36*n(f). What are the prime factors of k(1)?
2, 5
Let i(o) = 3*o - 1. Let d be i(1). Suppose -8 = -3*x - 4*m, 0 = x + 2*m - 0 - d. List the prime factors of x.
2
Suppose 3*s + 0*s = 6. Let p = 2 + s. Suppose -p*j + 16 = -u, -3*u = -8*u. What are the prime factors of j?
2
Suppose -2*k - a - 4*a + 121 = 0, 5*k - 3*a = 287. Let u = -34 + k. What are the prime factors of u?
2, 3
Suppose -6 = 5*d + 4*c, d + 0*d - 2*c - 10 = 0. Suppose 4*h - 12 = -0*h, d*w = 2*h + 20. Suppose 0 = 3*s - 2*s - w. What are the prime factors